 and 119?
17
Let d be 676/10 + (-45)/75. Let y = d + -50. What is the greatest common factor of 85 and y?
17
Suppose 8*l = 17*l - 1053. Calculate the greatest common divisor of l and 403.
13
Suppose -71 = -2*u - 6*z + 5*z, 108 = 3*u + 3*z. Suppose -u - 64 = -i. What is the greatest common factor of i and 36?
9
Let z(u) = 70*u**2 + 116*u + 1245. Let x be z(-10). Calculate the greatest common factor of x and 65.
65
Let k be (3/(-9))/(4/(-96)). Suppose -8890 = 26*p - 10346. What is the highest common factor of k and p?
8
Let a(r) = -r**2 + 2*r - 1. Let d be a(3). Let t be (-2)/d - (-301)/14. Let n = t - 16. What is the highest common factor of 18 and n?
6
Let d = -1350 - -1707. Let n = -91 - -193. What is the highest common factor of d and n?
51
Let c = 6859 - 1629. What is the highest common factor of c and 10?
10
Suppose 4*m - 2*m = -122. Let j = m + 74. Suppose j*d - 1188 = 9*d. Calculate the greatest common factor of 33 and d.
33
Let x be 708160/1984 - (-12)/186. Calculate the greatest common factor of 7021 and x.
119
Let r be (320/(-6))/(-1)*3. Suppose -20 = -5*o + 2*f + 5, 5*o - 25 = -5*f. What is the greatest common factor of o and r?
5
Let f(k) = -89*k + 3519. Let b be f(36). Let h be 142/4 + (-1)/2. What is the greatest common factor of h and b?
35
Suppose 6*k = 7*k. Let v be 12036/295 - (k + (-8)/(-10)). What is the highest common divisor of 8 and v?
8
Let z(w) = 7*w**2 - 190*w + 232. Let m be z(46). What is the highest common divisor of m and 591?
197
Suppose 4*s - 39*s + 22680 = 0. Calculate the highest common factor of s and 120.
24
Let h = -444 + 523. Suppose 3*n = 2*j - h, -j + 0*n + 5*n = -43. Calculate the greatest common factor of j and 2.
2
Suppose -30 = -49*s + 44*s. Let z be s/(123/(-66) + 2). Calculate the highest common factor of z and 330.
22
Let z(a) = 6*a**3 - 73*a**2 - 5*a + 68*a**2 + 3*a + 3*a. Let u be z(1). Calculate the greatest common factor of 25 and u.
1
Let l = 5 + 0. Let f be 0 + 4/38 - (-248)/(-2356). Suppose -5*i + i + 1016 = 4*r, f = -2*r + l*i + 494. Calculate the highest common factor of r and 28.
28
Suppose 2*a - 121 = 3*h + 2*h, 0 = 5*h - 15. Suppose 2*o - 4*l - 114 = 0, 4*o + 0*l - 198 = -2*l. What is the greatest common factor of a and o?
17
Let j = -893 - -241. Let v = -140 - j. What is the highest common factor of v and 32?
32
Let u be (16/(-4))/(1 - 3/5). Let p be ((-12)/(-10))/(-2) - 266/u. Suppose 288 = -22*x + p*x. Calculate the highest common divisor of x and 36.
36
Suppose -3*i = 3*n - 2*i - 283, 0 = -i + 1. Suppose -15*l + 473 + 232 = 0. Calculate the highest common divisor of n and l.
47
Suppose 0 = 15*p - 18*p + 6. Let s(l) = -2 - 6*l - 104*l**p + 97*l**2 + l - 8*l**3. Let f be s(-4). Calculate the highest common divisor of 38 and f.
38
Let q be ((-5)/4)/(2/(-56)). Let d = 3256 + -812. Suppose d = 11*s - 1021. Calculate the greatest common factor of q and s.
35
Suppose 0 = 7*s - 10*s - b + 42, 4*b - 42 = -3*s. Let x = 13 + s. What is the highest common factor of x and 3?
3
Suppose 203*i + 36454 = 208*i - 2*s, -5*i - 5*s + 36440 = 0. Calculate the greatest common divisor of i and 30.
30
Suppose -4*q - 56*u + 15118 = -53*u, -2*u + 3787 = q. Calculate the greatest common factor of 50 and q.
25
Suppose 4*k + 0 = 2*o - 22, 37 = 5*o - k. Suppose -6 = 3*r - 3*v, 3*r + v - o = -r. Calculate the greatest common divisor of 5 and r.
1
Let z be 1*6/(-57) + (-591)/(-19). Suppose z = 3*m + 1. Let n(f) = f**2 + 3*f + 2. Let h be n(-7). Calculate the greatest common factor of m and h.
10
Suppose -2*f + 3*f + 42 = 0. Let c = f - -47. Let r = 3 + 2. What is the highest common factor of c and r?
5
Let q(i) = 2*i - 8. Let j be q(11). Let z(g) = 3*g - 19. Let o be z(j). Suppose 2*a - o - 9 = 0. What is the highest common factor of a and 16?
16
Suppose -4*y + i + 40715 = 0, 4*y + 102 - 40826 = 4*i. What is the greatest common factor of 42 and y?
14
Suppose -1604*o + 552231 = -222*o - 560279. Suppose -17 - 18 = -k. What is the highest common divisor of k and o?
35
Suppose -3510 = -4*d + 2594. Calculate the greatest common factor of 7 and d.
7
Let x(b) = b**3 + 5*b**2 - 14. Let n be x(-3). What is the highest common factor of 7544 and n?
4
Let z(l) = -4*l**2 - 44*l + 7. Suppose 0 = c - r + 5, -4*c = 4*r + 66 - 22. Let d be z(c). Calculate the highest common factor of d and 309.
103
Let j be (2/3)/(8/60). Suppose -j*l = -4*l - 30. Let c(v) = 121*v**2 - 71*v - 5. Let s be c(1). What is the highest common divisor of s and l?
15
Let g(o) = 65*o**3 - 62 - 187*o**3 + 59*o**3 + 68*o + 64*o**3 + 49*o**2. Let y be g(-47). What is the highest common factor of 20 and y?
20
Suppose -5*v - 3251 = -32*v + 529. Calculate the highest common divisor of v and 165.
5
Suppose -h + 35 = 2*g, -19 = -5*g + 4*h + 36. Let k(t) = -17*t - 3 - 9 + 2 + 0. Let l be k(-5). Calculate the highest common factor of g and l.
15
Suppose -10*i + 436 = 331 - 595. Calculate the greatest common divisor of 8750 and i.
70
Let c(r) = -4 + 4*r - r**3 + 12*r**2 + 21 - 6 - 13. Let i be c(-3). What is the highest common factor of i and 22?
11
Suppose q - 5 - 13 = 0. Let x = -50626 + 50689. Calculate the highest common factor of x and q.
9
Suppose 67*g - 62*g - 256 = 2*s, -s = -7. Let f be 2/(-8) + (-50)/(-8). What is the highest common divisor of g and f?
6
Suppose 0 = 8*g - 11*g + 156. Let w = 54 - g. Suppose -w*x + 103 = -9. What is the greatest common divisor of x and 7?
7
Suppose 0 = -5*l + 55 + 55. Let q = 151 - 66. Let c = q + -30. Calculate the highest common factor of c and l.
11
Suppose 230 = b + 3*u, -b - 3*b - u + 898 = 0. Let q(z) = 170*z**2 - 16*z - 18. Let w be q(-1). What is the highest common divisor of w and b?
56
Suppose 3*q + 8*q - 44 = 0. Suppose -3*m + 15 = q*d, 6*m - 10 = -2*d + 4*m. Suppose -2*l - 3*l + 140 = d. What is the greatest common factor of l and 70?
14
Let q(l) = -2*l**2 + 93*l + 15. Let y be q(45). Let f be (1/(-3))/(27/(-4050)). What is the greatest common divisor of f and y?
50
Suppose 3*t = 4*v - 2128, -8*v + 4*v + 4*t + 2128 = 0. Calculate the greatest common divisor of 5719 and v.
133
Let z(s) = -1120*s - 3 - s**3 + 6 - 3 + 22*s**2 - 1 + 1066*s. Let n be z(19). What is the greatest common factor of 72 and n?
8
Let y(u) = 2*u**3 - 116*u**2 - 112*u + 31. Let x be y(59). Calculate the greatest common factor of x and 7.
7
Let r be (762/(-42) - -5)*(-14)/4. Let i be (-9912)/(-108) + 2/9. What is the greatest common factor of r and i?
46
Suppose 5*j = -5*w + 175, 11*w - 105 = 8*w + 5*j. Calculate the greatest common divisor of w and 126.
7
Suppose -157*n + 147*n + 1700 = 0. What is the highest common factor of n and 40?
10
Suppose -2*j + 25 = -o, -5*j + 46 = 44*o - 41*o. Let f = 274 - 87. Calculate the greatest common divisor of j and f.
11
Let g = 22954 + -22951. What is the greatest common divisor of g and 5571?
3
Let i be (-108)/(-144) - (-26)/8. Let f be (-2 - (-88)/i)/(1/2). Calculate the highest common divisor of f and 1640.
40
Let d(g) = 6*g**2 - 247*g - 77. Let o be d(42). Suppose 75 = 2*z + n, -5*z - 4*n = -160 - 26. What is the greatest common factor of z and o?
19
Let k = 54 + -18. Suppose -158 = 5*s + 3*f + 302, 2*f = s + 92. Let t = s - -236. What is the greatest common divisor of k and t?
36
Let c be (-27)/270 - (-1402)/20. Let t(a) = 8*a + 90. Let q be t(-6). Calculate the greatest common factor of c and q.
14
Let o be 2 + -1 + 2 + (-4 - 26). Let j be o*(-12)/4 - 0. Calculate the highest common divisor of j and 135.
27
Suppose 4*y - 11 = c, -1 = 3*y + 3*c - 28. Suppose 5*d - y*x - 200 = -5*x, -4*d - 5*x + 160 = 0. What is the highest common factor of 50 and d?
10
Let z be ((-87)/(-6))/(138/2208). Calculate the highest common factor of z and 232.
232
Let h(k) = 2*k**2 + 41*k - 40. Let d be h(1). Suppose -2*s + 98 = -4*t, -d*t = 2*s + 18 - 144. What is the greatest common divisor of 95 and s?
19
Suppose 2*a - 58 = 12. Let r = -58 - -58. Suppose r = 56*w - 55*w - 14. Calculate the greatest common factor of a and w.
7
Suppose 9*i + 778 + 194 = 0. Let n(z) = 127*z - 1. Let v be n(1). Let b = v + i. Calculate the greatest common divisor of 6 and b.
6
Let i = 8568 + -6012. Calculate the greatest common divisor of i and 36.
36
Let a(g) = g**2 - 8*g - 1518. Let h be a(-66). What is the greatest common factor of 510 and